ppose -3*x + 6*x - i = 0. Suppose -n = -3*m - 2315, x = -n + 4*n + 2*m. Is n a prime number?
False
Let u(n) = 775*n + 45. Let i be u(7). Suppose i = 4*t - 2*g, 0*t + 5*g + 4106 = 3*t. Is t composite?
False
Let s(u) = 40*u + 60. Suppose -j - 5*g + 29 = 0, 2*j + 3*j + 2*g = 53. Let b be s(j). Suppose 682 = 2*n - b. Is n prime?
False
Is (78/(-30) + (-4)/10)/(9/(-281559)) a composite number?
True
Let o be 16/5 - (-11)/(-55). Suppose o*p + 2*h - 4563 = 0, -1529 = -p - 2*h + 4*h. Suppose 4*i - p = -l, 2*i + 2*l - 4*l - 764 = 0. Is i a prime number?
False
Let h(r) be the third derivative of -27/4*r**4 + 5/6*r**3 + 0*r + 0 - 13*r**2. Is h(-21) composite?
False
Let x = 77 - 84. Let z be (-2 + 1)/(x/(-14)). Is z + 4*(-1 - -211) a prime number?
False
Suppose 64*l - 11726 = 62*l. Let a = -3468 + l. Is a prime?
False
Let c = 522400 - 287829. Is c prime?
True
Let q = 390 - 387. Suppose q*f + 14429 = 2*v, 13*f = -3*v + 14*f + 21654. Is v prime?
True
Let a(l) = -l**3 - 2*l**2 + 32*l - 17. Let d be a(-17). Is (3/2)/(9/d) a composite number?
True
Let k(g) = 682*g**3 - 77*g + 317. Is k(4) a composite number?
True
Let v = 6164 + 23231. Is v prime?
False
Let i(z) = -2490*z**2 + 4*z + 4. Let d be i(-1). Let n = -1713 - d. Suppose n = x + 230. Is x prime?
True
Let c be 1/((-9)/15 - 568/(-955)). Let j = c + 634. Is j a composite number?
False
Suppose -187 = 2*y - 485. Suppose -123*q + 122*q = -y. Is q composite?
False
Let t be (-1 - -7)/(3/(-2)). Is ((-3946)/6)/(t/12) prime?
True
Let n(p) = 6*p - 10. Let w be n(2). Suppose -4*c = -3*i - 26, -w*c = -0*i - 2*i - 14. Is (9/(-30))/(3/(-5318))*c composite?
False
Suppose -m - 146*g + 721279 = -142*g, -2*g = -3*m + 2163711. Is m a composite number?
False
Let q(f) = -5*f**3 + 28*f**2 + 103*f + 285. Is q(-22) prime?
True
Suppose 84*u - 49*u = 6471535. Is u prime?
True
Let p = -95171 + 191040. Is p a prime number?
True
Suppose -6*x = -9*x + 14061. Suppose -k - 2*f + x = 0, -4*f + 8*f = 4*k - 18736. Let o = k + -1308. Is o a composite number?
True
Is (-31)/(31/(-6)) + 14279 a prime number?
False
Suppose 7*p - 2036450 + 1229921 = 2337437. Is p a composite number?
True
Suppose -2*i + 0 = 2. Suppose -28*k = 9*k - 37. Is 84429/81 - (i/(-3))/k prime?
False
Suppose 3*v - b - 171 = 0, -4*v - 3*b + 171 = -v. Suppose -q + v = -3658. Is q prime?
False
Let n(s) = -s**2 - 4*s - 1. Let d be n(-3). Suppose 9 = d*y - 3*u, 3*u - 6 - 3 = -4*y. Suppose -1013 = y*z - 5984. Is z a prime number?
True
Let d(p) = 4790*p + 1149. Is d(18) composite?
True
Is 2359487/4 + ((-30)/480)/(2/(-40)) a composite number?
False
Suppose -4*d + 3*h + 177438 = d, 0 = 3*d + 2*h - 106459. Suppose 6*u = 15*u - d. Is u a composite number?
False
Let d be (-4)/14 - (-2160)/112. Suppose -7 = 6*z - d. Suppose -4 = -4*r, -3*k - z*r + 253 + 670 = 0. Is k a composite number?
False
Let m(r) = 23*r**2 - 1344*r - 96. Is m(73) prime?
True
Suppose -5*z - 5*c = 40 + 35, 0 = -z + 4*c. Let f(q) = 5*q - 1 + q**2 + 11*q**2 - 3*q**2 + 10*q. Is f(z) prime?
False
Let r(u) = 27*u + 4 - 11*u - u**3 - 5*u**2 - 10*u**2. Let l be r(-16). Suppose l*o + 774 = 2*p, 3*o - 2 - 1 = 0. Is p prime?
True
Let w(r) = 59*r + 11. Let n(p) = -60*p - 11. Let g(y) = 5*n(y) + 6*w(y). Let f be g(-6). Let u = f + 794. Is u prime?
False
Suppose 0 = 2*x - 2*g - 16, g = 4*x + 2*g - 47. Is (-6)/(-33) + 0 + 28169/x a prime number?
False
Let y(i) = 1608*i - 889. Is y(48) composite?
True
Let c = 719332 + -366341. Is c composite?
False
Let t be -2 + 1 + 1 + -1194. Let y(m) = -245*m + 647. Let l be y(6). Let f = l - t. Is f a prime number?
False
Let l(u) = 2*u**2 - 38*u + 16. Let n be l(19). Let r(g) = -g**2 + 28*g + 19. Is r(n) prime?
True
Let t(z) = 3*z**3 - 123*z**2 + 64*z + 117. Is t(41) composite?
False
Let q(i) = 7*i**2 + 5*i + 12. Let a be q(-2). Suppose -2*v - a = 3*v. Is (5 - (-5201)/21)*v/(-4) a prime number?
True
Suppose 0 = 11*j - 289211 - 139668. Is j prime?
False
Suppose -5*i + 1 + 44 = 0. Let y(a) = -a**3 + 10*a**2 - 8*a + 18. Let m be y(i). Suppose -29*h + m*h + 446 = 0. Is h a prime number?
True
Suppose -b + 11 - 15 = 0. Is 4474/b*9/((-81)/18) a composite number?
False
Suppose 92*z - 497543 = -2*s + 93*z, 746265 = 3*s + 4*z. Is s a prime number?
False
Let a(s) = -s**3 + 11*s - 14. Let w be a(2). Suppose -5*i + 3271 = 3*v, 0*v + v + 5*i - 1097 = w. Is v a composite number?
False
Let u be (-4 - -3)*-1*3. Suppose 0 = 2*n + u*n. Suppose n = 7*k - 9893 + 2830. Is k composite?
False
Suppose -4*t = 3*z - 585575, 4364*z - 4361*z = 2*t + 585581. Is z composite?
False
Let r(j) = 7*j**2 + 37*j - 21. Let u be r(8). Let y = u - -178. Is y a prime number?
False
Let g(r) = 2328*r - 7. Let s(d) = -4*d**2 + 5*d. Let n be s(1). Is g(n) a composite number?
True
Let x(k) = k**2 - 9*k - 1. Let n be x(7). Let h be n*(-5)/(-4 - -19). Suppose 2*c - h*g + 91 - 1213 = 0, -5*g = c - 531. Is c composite?
True
Let s(q) = 2*q**2 - 2. Let o be s(3). Let a = o + -16. Suppose j = k + k + 291, -4*j - 2*k + 1204 = a. Is j a composite number?
True
Suppose 5*d + 125624 + 764990 = 3*p, -16 = 2*d. Is p prime?
False
Let l = -123994 - -228341. Is l a prime number?
True
Let q = 520435 - 280764. Is q a composite number?
False
Let q(a) = -a**3 + a. Let c(t) = t**3 - 37*t - 1. Let b(k) = -c(k) + 2*q(k). Is b(-17) composite?
True
Suppose -8*v = -12*v - 8. Let j be ((-30)/75)/(v/40). Suppose 4*x = 3*y - 361, -y - j*x + 95 = -3*x. Is y composite?
True
Let c = 85543 - 40915. Let j = c - 23547. Suppose -j = -21*s - 5226. Is s a composite number?
True
Suppose -4*j + 7 = -3*y, 4*y + 4*j - 7*j = 0. Suppose -s + 99079 = 2*q, -y*s + 7*q + 297237 = 3*q. Is s a prime number?
True
Let j(r) = -r**3 + 14*r**2 - 16*r + 16. Let f be j(13). Let q = 26 + f. Suppose 104 = -2*o + 4*o + 2*p, q*p - 101 = -2*o. Is o a composite number?
True
Suppose -m + 0*m + 3 = 0. Suppose -7502 - 9739 = -3*h + m*y, y = -3. Suppose 0 = 2*v + 2*u - u - 2875, -4*v - 4*u + h = 0. Is v prime?
True
Suppose -30*k + 199*k - 84248105 = -2922094. Is k prime?
False
Let t(f) = 3*f + 45. Let g(d) = -6*d - 91. Let a(r) = 4*g(r) + 9*t(r). Let p be a(-13). Suppose 0 = c + 3*k - 2*k - 241, 3*k = -p*c + 484. Is c composite?
False
Suppose -2*u - 965 + 44291 = 0. Suppose 0 = 26*v - 17*v - u. Is v a prime number?
False
Let c(m) = -3*m - 16. Let i be c(-10). Let p be (-4)/i + (-4434404)/91. Is (-4)/18 - 0 - p/18 composite?
False
Let h(m) be the third derivative of 5*m**5/12 + m**4/8 - 11*m**3/6 - 215*m**2. Is h(16) composite?
True
Is (-32)/(-24)*123309/12 composite?
True
Is 96/(-15) + (-7)/(-5) + 67932 prime?
True
Is (6/(-10))/((-46)/(-460)*(-18)/2417739) a composite number?
False
Let u = -29020 + 74970. Is -7 + 3*u/15 a composite number?
True
Suppose -4*w + 266751 = 3*l, w = 6*l - 5*l - 88924. Is l prime?
False
Suppose 9*n - 4*n = 2*p - 4, -2*p - n = -4. Suppose 4*f - 70 = 3*i + 2*f, -i + p*f - 18 = 0. Is (-2 + 0)*14131/i a prime number?
True
Suppose 4*b = -8, 2*u + u - 14 = -2*b. Suppose -s + u*s = 1395. Let n = 10 + s. Is n a composite number?
True
Suppose -5*m = -10, -b + 3 = -5*m - 6. Suppose -o + 21 = b. Is (679/o)/(42/(-12) - -4) composite?
True
Let q(z) = 40*z - 20. Let n(b) = -40*b + 21. Let w(k) = 2*n(k) + 3*q(k). Let v(p) = -20*p + 9. Let y(l) = 7*v(l) + 4*w(l). Is y(13) a composite number?
False
Suppose q - 5*h - 11244 = 0, -4*q - 4*h + 69268 = 24340. Suppose 5*z - 2*l = 11232, 5*z - l - 3*l - q = 0. Is z composite?
True
Let s(c) = c**2 - 3*c + 3. Let p be s(0). Let z be (p/(-9)*-6)/1. Is (-2)/z - -1 - -95 prime?
False
Let o be (50/4)/(4/8). Let v = -20 + o. Is 709*-5*((-78)/15 + v) a prime number?
True
Let l(o) = -3*o**2 + 23*o - 15. Let z be l(6). Suppose 4*c = b - 9, 0 = 2*b + 5*c - 5. Is (4201/3)/(b/z) a prime number?
True
Let b(r) = -33*r**2 + 6*r + 12. Let z be b(-5). Let j = z + 3302. Is j composite?
False
Let p be (-2 + (-28)/(-12))/((-7)/(-465675)). Let y = p - 15054. Is y a prime number?
True
Let d be -5 - (0 - 1*8/2). Let v be (-2430)/((-3 + (-18)/(-4))/d). Suppose -1301 - v = -q. Is q composite?
True
Suppose 0 = -38*k + 1596721 + 2557933. Is k composite?
True
Suppose 0 = 5*y - 12 + 22. Let h be y/12 + (-75)/(-18). Suppose -1 = -h*o - 13, 5*w - 3508 = o. Is w a prime number?
True
Suppose f + 4*y = 5 + 51, y + 2 = 0. Let k = 247 - f. Is k a composite number?
True
Let r = -48 + 43. Le